 - 1. List the prime factors of i(g).
71
Let j(l) = -2*l**2 + 9*l - 4. Let c(o) = 2*o**3 - 3*o**2 + 2*o - 4. Let i be c(2). Let v be j(i). Suppose -r + 4*r - 135 = v. List the prime factors of r.
3, 5
Suppose 5*l - 2*n - 12700 = 0, 3*l + 8*n - 6*n = 7620. List the prime factors of l.
2, 5, 127
Suppose 4*d + 2*x = -3*x - 43, -58 = 5*d + 2*x. Let g = 14 + d. Suppose -g*n + 185 = 2*n - 3*t, 4*n = -t + 173. What are the prime factors of n?
2, 11
Suppose -5*s - 1466 = 94. Let a = 467 + s. List the prime factors of a.
5, 31
Let f = -24 - -29. Suppose 0 = -3*b + f*s + 560, -2*b + 2*s = -2*s - 372. What are the prime factors of b?
2, 5, 19
Let r(j) = j - 10. Let x be r(10). Suppose 3*o - 15 = x, 2*o = 2*b + 5*o - 299. What are the prime factors of b?
2, 71
Let o(i) = 3*i**3 - 38*i**2 + 7*i - 50. List the prime factors of o(15).
2, 5, 163
Let v(w) = -w**3 - 12*w**2 - 10*w + 16. Let a = -34 - -22. Let i = a + 1. What are the prime factors of v(i)?
5
Suppose u + 2*q - 27 = -6, u - 2*q = 17. Suppose 0 = u*h - 17*h - 14. What are the prime factors of h?
7
Let j(x) = x**3 - 4*x**2 + 16*x - 44. What are the prime factors of j(12)?
2, 5, 13
What are the prime factors of 12/(-6) - -5 - (-933 - 1)?
937
Suppose -22 + 12 = 2*d. Let a(z) = z + 16. What are the prime factors of a(d)?
11
Suppose -4*b + 3*v = -207, 5*b - 3*v = 228 + 33. Suppose d + b = -0*d. Let h = -30 - d. List the prime factors of h.
2, 3
Let w(n) = -3*n + 3. Let l be w(-4). Suppose 4*b + l = 3*a, 2*a - 3*b + 0 - 9 = 0. List the prime factors of a.
3
Let v(b) = -12*b + 39. Let s be v(3). Suppose 2*i + 0 = h + 12, 2*i + 5*h = 0. Suppose 0 = -s*a + 15, i*q - 3*a - a - 5 = 0. List the prime factors of q.
5
Let a = 1120 + -755. What are the prime factors of a?
5, 73
Let d be -2 + (1 + -2)*2. Suppose -5*g - 2*h + 308 = 0, -3*h - h = -4*g + 252. What are the prime factors of -1 - 2/d*g?
2, 3, 5
Let n(z) = -54*z. Let i be n(-2). Suppose 4*t - 6*t = -i. List the prime factors of t.
2, 3
Let q(x) = 16*x. Let p be q(11). Suppose n + 9 - p = 0. Let j = n + -118. What are the prime factors of j?
7
Let n(s) = -696*s**3 - 2*s - 3. List the prime factors of n(-1).
5, 139
Let n = 1820 + -1630. List the prime factors of n.
2, 5, 19
Suppose 12 = 4*l, -o - l = 3*l + 219. Let r = o + 116. Let u = r + 180. List the prime factors of u.
5, 13
Suppose -5 = y - 7. List the prime factors of y/(-5) - 2202/(-30).
73
Let a = -264 - -661. What are the prime factors of a?
397
Let v be (-5)/(-10) + (-47)/(-2). Suppose 0 = -4*j - v + 96. List the prime factors of j.
2, 3
Let l(q) = -q**3 - q. Let r be l(-1). What are the prime factors of (-342)/(-10) - -2 - r/10?
2, 3
Let g(o) = 2*o**2 - 5*o - 26. Let b be g(-3). Suppose -b*r + 342 = -4*r. What are the prime factors of r?
2, 3, 19
Let j = 665 + -949. Let a = -203 - j. What are the prime factors of a?
3
Let c = -3 - -24. Suppose -5*l - c = -3*o, -o + 16 = 4*o - 2*l. List the prime factors of 69*(3 + (0 - o)).
3, 23
Suppose -20 = 5*c, 0 = 2*i - 3*c - 12 - 10. Suppose -349 = -t - 2*t - 2*j, i*t - 580 = -3*j. What are the prime factors of t?
113
Let i(m) = 283*m + 244. List the prime factors of i(5).
3, 7, 79
Let l(y) = -157*y - 106. What are the prime factors of l(-12)?
2, 7, 127
Suppose -5*a - 48 = 12. What are the prime factors of -6 + a/(-4) + 45?
2, 3, 7
Let g(r) = 6 - r - 11*r + 2*r - 21 - r**2. List the prime factors of g(-6).
3
What are the prime factors of ((-30)/4 - -4)/(2/(-364))?
7, 13
Suppose -2*c + 4 = -2*p, -10 - 5 = -5*p. Suppose i = -3*d - 229, -c*d - 2*i + i = 383. What are the prime factors of d/(-5) - 14/35?
3, 5
Let p = -645 - -2939. What are the prime factors of p?
2, 31, 37
Suppose -2*t + 26 = -38. Suppose -47 = -5*c + 3*d + t, 2 = d. What are the prime factors of c?
17
Let u(j) = 339*j**2 + 5*j + 6. What are the prime factors of u(2)?
2, 7
Let r(b) = -2*b + 16. Let p be r(5). Let n = p + 27. List the prime factors of n.
3, 11
Suppose -5*x + 4*x = -2. Suppose 5*n = 2*n + 15, -a + x*n = 5. List the prime factors of 7348/110 - 4/a.
2, 3, 11
Let p(z) = z**3 - z**2 - 3*z. Let m be p(4). Let i(t) = -5*t - 1. Let w be i(-4). Let n = m - w. List the prime factors of n.
17
Suppose 5*w + 4*l - 5 = 0, 5*l + 30 + 5 = 2*w. Suppose -h - 872 = -w*h. List the prime factors of h.
2, 109
Let j be 444/(-8)*16/6. Let n = -54 - j. List the prime factors of n.
2, 47
Suppose 10 = 30*v - 25*v. What are the prime factors of 8/(-5) + v - (-15084)/90?
2, 3, 7
Let l = 3049 - 1927. What are the prime factors of l?
2, 3, 11, 17
Suppose 1775 = 5*o + 5*g, -o - g = -3*o + 716. Suppose h = -3*m - 4*h + o, -4*m - h = -459. List the prime factors of m.
2, 3, 19
Let d(q) = -q**2 + 16*q + 6. List the prime factors of d(15).
3, 7
Suppose -5*j - 4*c + 39 = 0, -3 = j - 3*c - 7. Suppose -2*n + 130 = 2*l, l - 321 = 2*n - j*n. List the prime factors of n.
2
Suppose -6*r - 6 = -12. List the prime factors of (r + -1)/5 + 45.
3, 5
Let g(i) = -4*i - 7. Let n be g(-6). Suppose y - 21 = n. What are the prime factors of y?
2, 19
List the prime factors of (-6)/(-27) + 11 + 35128/36.
3, 7, 47
Suppose 0*s + 4*s - 8 = -4*x, 2*s + 6 = 3*x. Let a be x/8 - (-375)/20. Let t(z) = 3*z - 9. List the prime factors of t(a).
2, 3
Suppose 6705 - 108135 = -69*c. List the prime factors of c.
2, 3, 5, 7
Let u(m) = m - 5. Let n be u(7). Suppose -11*s - n*s = -650. What are the prime factors of s?
2, 5
Suppose 54713 = 35*f - 83222. List the prime factors of f.
7, 563
Suppose -5*w - 2 = -3*m + 22, 3*m - w - 12 = 0. Suppose -4*b = 2*s - 12, 3 = m*s - s + b. What are the prime factors of 46 + s + -2 + -3?
41
Suppose -z - l = -1 + 4, -9 = -5*z + l. Let n be (-6)/(-2)*z - -2. What are the prime factors of 15/n - (-1 - 33)?
37
Let h(z) = -298*z + 33. What are the prime factors of h(-4)?
5, 7
Let o = -52 + 52. Suppose -20*u + 24*u - 416 = o. What are the prime factors of u?
2, 13
Let t(y) = 74*y**3 - 4*y**2 - 2. List the prime factors of t(2).
2, 7, 41
Let p(l) = 3*l + 12. Suppose -8 = 2*f - 0*f. Let c be p(f). Suppose 5*z - 38 = -3*u, c*z = 4*z + 3*u - 31. What are the prime factors of z?
7
Suppose -9 - 3 = -3*j. Let m be j + -4 - (0 - 2). Suppose -5*w + m*w + 51 = 0. What are the prime factors of w?
17
Suppose 20218 = 74*r - 52*r. List the prime factors of r.
919
Suppose -2*t + t - 3*p = 9, -2*t + 6 = -2*p. Suppose -r - 4*r + 10 = t. What are the prime factors of -2*(r - 132/8)?
29
Let d(l) = -2*l. Let r(v) = -v - 2. Let b(i) = -4*d(i) + r(i). List the prime factors of b(4).
2, 13
Let n be -11*(1 - (0 - -17)). Suppose -50*m + 152 + 48 = 0. Suppose n + 4 = m*y. What are the prime factors of y?
3, 5
What are the prime factors of ((-2)/2)/(74/(-71336))?
2, 241
Let g(c) = -c**2 + c + 3. Let i(m) = -2*m**2 + 2*m + 4. Let k(d) = 3*g(d) - 2*i(d). Let r be k(3). Suppose 4*l + r = 91. What are the prime factors of l?
3, 7
Suppose -149 = -j + 3*h - 0*h, 440 = 3*j - 2*h. Let g = j + -65. What are the prime factors of g?
3
Let o(p) = 13*p**2 + 5*p - 10. List the prime factors of o(5).
2, 5, 17
Suppose -7*n + 20 = -2*n. Suppose -k = n*t + 2*k - 13, 0 = 3*t - 4*k - 16. List the prime factors of 0 - t/((-16)/92).
23
Suppose -2*k + k - 134 = -n, 0 = 3*k - 6. Let s = 242 - n. What are the prime factors of s?
2, 53
Suppose 2*y + 2*s - 94 = 4*y, 0 = -y + 2*s - 43. Let r = -133 + 102. Let p = r - y. List the prime factors of p.
2, 5
Let k(i) = -113*i - 79. List the prime factors of k(-5).
2, 3
Suppose 2*n - o = 2241, -3*o = -5*n + 2254 + 3347. What are the prime factors of n?
2, 3, 11, 17
List the prime factors of 8552/12 + (-20)/30.
2, 89
Let i = -6 - -15. Suppose c - i + 1 = 0. Suppose -c*t + 50 = -3*t. List the prime factors of t.
2, 5
Let s(l) = -l**3 + 6*l**2 - l + 14. Let v be s(6). Suppose -5*o + a + 0*a = -1008, 0 = 4*a - v. What are the prime factors of o?
2, 101
Let h(k) = 54*k**2 - 44*k - 323. List the prime factors of h(-7).
3, 877
Suppose 2*k - b = 11, 2*k - 8 = k + 3*b. Let d = 43 - -1. Suppose t - d = -k*p - 4, -2*p + 3 = 3*t. List the prime factors of p.
3
Let p = -21 - -21. Suppose b - 3 = -p. Suppose b*u - 25 = 5. What are the prime factors of u?
2, 5
Suppose -f = 3*d - 59, f + 5*d - 64 = d. What are the prime factors of (-1)/(2 - (3 - 2)) + f?
43
List the prime factors of 1997 + (66/(-12) + 6)*6.
2, 5
Let b be (1 - -2)/((-3)/(-44)